at is the thousands digit of 4109572?
9
What is the hundreds digit of 448278?
2
What is the tens digit of 273345?
4
What is the millions digit of 2765131?
2
What is the hundreds digit of 13834528?
5
What is the thousands digit of 2783221?
3
What is the thousands digit of 11363727?
3
What is the thousands digit of 327329?
7
What is the hundred thousands digit of 4621906?
6
What is the ten thousands digit of 2236635?
3
What is the hundred thousands digit of 7687404?
6
What is the hundreds digit of 1288442?
4
What is the ten thousands digit of 856331?
5
What is the units digit of 320510?
0
What is the millions digit of 33485204?
3
What is the hundreds digit of 155303?
3
What is the thousands digit of 369799?
9
What is the millions digit of 9317043?
9
What is the thousands digit of 11260230?
0
What is the ten thousands digit of 789473?
8
What is the units digit of 194143?
3
What is the thousands digit of 101341?
1
What is the ten thousands digit of 2983467?
8
What is the millions digit of 17117419?
7
What is the tens digit of 296969?
6
What is the hundred thousands digit of 1973609?
9
What is the ten thousands digit of 2094322?
9
What is the tens digit of 6800430?
3
What is the hundred thousands digit of 17862747?
8
What is the ten thousands digit of 768641?
6
What is the units digit of 19139?
9
What is the millions digit of 3700908?
3
What is the tens digit of 1691865?
6
What is the tens digit of 467089?
8
What is the thousands digit of 3215968?
5
What is the thousands digit of 109816?
9
What is the millions digit of 4701236?
4
What is the ten thousands digit of 4211394?
1
What is the ten thousands digit of 402846?
0
What is the hundreds digit of 585577?
5
What is the ten thousands digit of 2625444?
2
What is the hundred thousands digit of 386262?
3
What is the units digit of 607653?
3
What is the tens digit of 536155?
5
What is the thousands digit of 8960984?
0
What is the units digit of 7436515?
5
What is the hundreds digit of 158355?
3
What is the millions digit of 19748037?
9
What is the hundred thousands digit of 106350?
1
What is the tens digit of 194413?
1
What is the millions digit of 1847550?
1
What is the ten millions digit of 23126188?
2
What is the ten thousands digit of 722875?
2
What is the hundred thousands digit of 782627?
7
What is the millions digit of 9849585?
9
What is the hundreds digit of 310698?
6
What is the thousands digit of 107320?
7
What is the tens digit of 12018229?
2
What is the hundreds digit of 8660750?
7
What is the tens digit of 286147?
4
What is the millions digit of 4328764?
4
What is the ten thousands digit of 70847?
7
What is the hundred thousands digit of 11554242?
5
What is the millions digit of 1484704?
1
What is the tens digit of 1811933?
3
What is the ten thousands digit of 2030061?
3
What is the thousands digit of 348220?
8
What is the units digit of 97140?
0
What is the tens digit of 918997?
9
What is the thousands digit of 3542008?
2
What is the ten thousands digit of 3130735?
3
What is the units digit of 93658?
8
What is the units digit of 15969970?
0
What is the tens digit of 7541696?
9
What is the hundreds digit of 684666?
6
What is the hundred thousands digit of 1519252?
5
What is the millions digit of 6891074?
6
What is the hundred thousands digit of 27389565?
3
What is the ten thousands digit of 350067?
5
What is the ten thousands digit of 368074?
6
What is the hundred thousands digit of 4724481?
7
What is the hundred thousands digit of 297155?
2
What is the ten thousands digit of 117834?
1
What is the hundreds digit of 397895?
8
What is the units digit of 1673197?
7
What is the thousands digit of 1553649?
3
What is the hundred thousands digit of 1375452?
3
What is the millions digit of 2160223?
2
What is the hundred thousands digit of 6066493?
0
What is the units digit of 597874?
4
What is the ten thousands digit of 2778394?
7
What is the tens digit of 186065?
6
What is the hundreds digit of 97949?
9
What is the hundred thousands digit of 1858884?
8
What is the hundreds digit of 9629704?
7
What is the hundred thousands digit of 5591188?
5
What is the ten thousands digit of 196095?
9
What is the hundred thousands digit of 19441251?
4
What is the tens digit of 17773108?
0
What is the millions digit of 6237204?
6
What is the hundred thousands digit of 335463?
3
What is the thousands digit of 9115356?
5
What is the thousands digit of 3504442?
4
What is the thousands digit of 172567?
2
What is the units digit of 16672894?
4
What is the thousands digit of 140186?
0
What is the hundreds digit of 31025496?
4
What is the hundred thousands digit of 923857?
9
What is the hundreds digit of 1617899?
8
What is the units digit of 379074?
4
What is the tens digit of 80499?
9
What is the hundred thousands digit of 1500148?
5
What is the ten thousands digit of 19033751?
3
What is the hundreds digit of 201648?
6
What is the units digit of 1934450?
0
What is the tens digit of 8755782?
8
What is the tens digit of 654370?
7
What is the tens digit of 12471?
7
What is the hundreds digit of 778998?
9
What is the hundred thousands digit of 580454?
5
What is the thousands digit of 830886?
0
What is the ten thousands digit of 32433?
3
What is the tens digit of 571103?
0
What is the thousands digit of 1008951?
8
What is the tens digit of 294606?
0
What is the ten thousands digit of 23634695?
3
What is the hundred thousands digit of 359409?
3
What is the thousands digit of 3030370?
0
What is the units digit of 6875295?
5
What is the tens digit of 350400?
0
What is the ten thousands digit of 205604?
0
What is the hundreds digit of 373686?
6
What is the thousands digit of 16887695?
7
What is the millions digit of 15573559?
5
What is the ten thousands digit of 2402674?
0
What is the hundreds digit of 5274417?
4
What is the tens digit of 342500?
0
What is the units digit of 479323?
3
What is the thousands digit of 1632154?
2
What is the tens digit of 13885087?
8
What is the ten thousands digit of 1145097?
4
What is the ten thousands digit of 2333741?
3
What is the tens digit of 337078?
7
What is the ten thousands digit of 2207620?
0
What is the hundred thousands digit of 474361?
4
What is the millions digit of 11076571?
1
What is the ten thousands digit of 649730?
4
What is the ten thousands digit of 91741?
9
What is the units digit of 171872?
2
What is the ten thousands digit of 414847?
1
What is the millions digit of 3972441?
3
What is the tens digit of 1888880?
8
What is the hundreds digit of 141868?
8
What is the units digit of 1314456?
6
What is the hundred thousands digit of 344205?
3
What is the ten thousands digit of 605643?
0
What is the tens digit of 1038969?
6
What is the tens digit of 4218163?
6
What is the thousands digit of 406362?
6
What is the units digit of 106796?
6
What is the thousands digit of 453297?
3
What is the tens digit of 3360560?
6
What is the hundred thousands digit of 509297?
5
What is the hundred thousands digit of 1187154?
1
What is the thousands digit of 3693?
3
What is the ten thousands digit of 18980327?
8
What is the hundred thousands digit of 796147?
7
What is the units digit of 822768?
8
What is the hundred thousands digit of 716093?
7
What is the units digit of 594886?
6
What is the thousands digit of 3606?
3
What is the thousands digit of 475762?
5
What is the thousands digit of 919844?
9
What is the tens digit of 6716228?
2
What is the tens digit of 2226351?
5
What is the thousands digit of 12805196?
5
What is the thousands digit of 495526?
5
What is the tens digit of 2078785?
8
What is the tens digit of 793662?
6
What is the thousands digit of 258960?
8
What is the tens digit of 8026887?
8
What is the millions digit of 17562449?
7
What is the units digit of 70680?
0
What is the hundred thousands digit of 8089140?
0
What is the hundred thousands digit of 144436?
1
What is the hundreds digit of 14197754?
7
What is the millions digit of 2218313?
2
What is the ten thousands digit of 11597915?
9
What is the units digit of 210456?
6
What is the ten thousands digit of 354277?
5
What is the tens digit of 3031508?
0
What is the units digit of 14129373?
3
What is the tens digit of 4499051?
5
What is the units digit of 3933?
3
What is the tens digit of 4414085?
8
What is the thousands digit